{"id":961,"date":"2025-01-06T23:13:24","date_gmt":"2025-01-07T02:13:24","guid":{"rendered":"https:\/\/carnavalenfotos.com\/WP\/?page_id=961"},"modified":"2025-01-06T23:13:25","modified_gmt":"2025-01-07T02:13:25","slug":"sociedad-carnavalesca-la-conjetura","status":"publish","type":"page","link":"https:\/\/carnavalenfotos.com\/WP\/sociedad-carnavalesca-la-conjetura\/","title":{"rendered":"Sociedad Carnavalesca \u00abLa Conjetura\u00bb"},"content":{"rendered":"\n<div class=\"wp-block-media-text is-stacked-on-mobile\"><figure class=\"wp-block-media-text__media\"><img loading=\"lazy\" decoding=\"async\" width=\"784\" height=\"572\" src=\"http:\/\/carnavalenfotos.com\/WP\/wp-content\/uploads\/2025\/01\/LA_CONJETURA_02.jpg\" alt=\"\" class=\"wp-image-962 size-full\" srcset=\"https:\/\/carnavalenfotos.com\/WP\/wp-content\/uploads\/2025\/01\/LA_CONJETURA_02.jpg 784w, https:\/\/carnavalenfotos.com\/WP\/wp-content\/uploads\/2025\/01\/LA_CONJETURA_02-300x219.jpg 300w, https:\/\/carnavalenfotos.com\/WP\/wp-content\/uploads\/2025\/01\/LA_CONJETURA_02-768x560.jpg 768w\" sizes=\"auto, (max-width: 784px) 100vw, 784px\" \/><\/figure><div class=\"wp-block-media-text__content\">\n<p><strong><em>Insisten todav\u00eda, varios entendidos, en poner en tela de juicio su existencia. No importa; en realidad ni uno solo de ellos (y ni una sola de ellas), ha logrado demostrar, o apenas sugerir, que no haya existido.<\/em><\/strong><\/p>\n<\/div><\/div>\n\n\n\n<p><\/p>\n\n\n\n<p><\/p>\n\n\n\n<p>La Sociedad Carnavalesca \u00abLa Conjetura\u00bb naci\u00f3 entre un mont\u00f3n de art\u00edculos y libretos de los m\u00e1s variados conjuntos carnavalescos, que permitieron reconstruir algunas de las situaciones que este libro propone.<\/p>\n\n\n\n<p>Una agrupaci\u00f3n eterna, que transit\u00f3 por la historia del carnaval montevideano desde sus inicios, con el formato de una t\u00edpica Sociedad Carnavalesca local, hasta consolidarse con la estructura que caracteriza y reconoce a las Murgas de Montevideo.<br><\/p>\n\n\n\n<div class=\"wp-block-media-text is-stacked-on-mobile\" style=\"grid-template-columns:31% auto\"><figure class=\"wp-block-media-text__media\"><img loading=\"lazy\" decoding=\"async\" width=\"300\" height=\"419\" src=\"https:\/\/carnavalenfotos.com\/WP\/wp-content\/uploads\/2025\/01\/LA_CONJETURA_01-2.jpg\" alt=\"\" class=\"wp-image-964 size-full\" srcset=\"https:\/\/carnavalenfotos.com\/WP\/wp-content\/uploads\/2025\/01\/LA_CONJETURA_01-2.jpg 300w, https:\/\/carnavalenfotos.com\/WP\/wp-content\/uploads\/2025\/01\/LA_CONJETURA_01-2-215x300.jpg 215w\" sizes=\"auto, (max-width: 300px) 100vw, 300px\" \/><\/figure><div class=\"wp-block-media-text__content\">\n<p>La Conjetura trascendi\u00f3 apenas por unas cuadras las fronteras de su propio barrio. Se presenta en sociedad, pretendiendo ser un disparador de discusiones sobre diferentes aspectos del carnaval; un generador de inter\u00e9s a trav\u00e9s de sus referentes, sus personajes hist\u00f3ricos y sus repertorios.<br><br>Con un maravilloso pr\u00f3logo de Xos\u00e9 de Enr\u00edquez, la Sociedad Carnavalesca \u00abLa Conjetura\u00bb, se brinda al servicio de este ensayo literario, que no quiso guiarse exclusivamente por criterios acad\u00e9micos, sino que procur\u00f3 alg\u00fan recurso original que fuera m\u00e1s all\u00e1 de lo que represent\u00f3 la pr\u00e1ctica metodol\u00f3gica en esta investigaci\u00f3n.<\/p>\n<\/div><\/div>\n\n\n\n<p><br>Aportar en otros aspectos, diversificando la presentaci\u00f3n de contenidos, ensayando la creatividad.<br>Y si fuera posible, con algo de arte.<\/p>\n","protected":false},"excerpt":{"rendered":"<p>Insisten todav\u00eda, varios entendidos, en poner en tela de juicio su existencia. No importa; en realidad ni uno solo de ellos (y ni una sola de ellas), ha logrado demostrar, o apenas sugerir, que no haya existido. La Sociedad Carnavalesca \u00abLa Conjetura\u00bb naci\u00f3 entre un mont\u00f3n de art\u00edculos y libretos de los m\u00e1s variados conjuntos [&hellip;]<\/p>\n","protected":false},"author":5,"featured_media":0,"parent":0,"menu_order":0,"comment_status":"closed","ping_status":"closed","template":"","meta":{"footnotes":""},"class_list":["post-961","page","type-page","status-publish","hentry"],"_links":{"self":[{"href":"https:\/\/carnavalenfotos.com\/WP\/wp-json\/wp\/v2\/pages\/961","targetHints":{"allow":["GET"]}}],"collection":[{"href":"https:\/\/carnavalenfotos.com\/WP\/wp-json\/wp\/v2\/pages"}],"about":[{"href":"https:\/\/carnavalenfotos.com\/WP\/wp-json\/wp\/v2\/types\/page"}],"author":[{"embeddable":true,"href":"https:\/\/carnavalenfotos.com\/WP\/wp-json\/wp\/v2\/users\/5"}],"replies":[{"embeddable":true,"href":"https:\/\/carnavalenfotos.com\/WP\/wp-json\/wp\/v2\/comments?post=961"}],"version-history":[{"count":1,"href":"https:\/\/carnavalenfotos.com\/WP\/wp-json\/wp\/v2\/pages\/961\/revisions"}],"predecessor-version":[{"id":967,"href":"https:\/\/carnavalenfotos.com\/WP\/wp-json\/wp\/v2\/pages\/961\/revisions\/967"}],"wp:attachment":[{"href":"https:\/\/carnavalenfotos.com\/WP\/wp-json\/wp\/v2\/media?parent=961"}],"curies":[{"name":"wp","href":"https:\/\/api.w.org\/{rel}","templated":true}]}}

<div class="wp-block-media-text is-stacked-on-mobile"><figure class="wp-block-media-text__media"><img loading="lazy" decoding="async" width="784" height="572" src="http://carnavalenfotos.com/WP/wp-content/uploads/2025/01/LA_CONJETURA_02.jpg" alt="" class="wp-image-962 size-full" srcset="https://carnavalenfotos.com/WP/wp-content/uploads/2025/01/LA_CONJETURA_02.jpg 784w, https://carnavalenfotos.com/WP/wp-content/uploads/2025/01/LA_CONJETURA_02-300x219.jpg 300w, https://carnavalenfotos.com/WP/wp-content/uploads/2025/01/LA_CONJETURA_02-768x560.jpg 768w" sizes="auto, (max-width: 784px) 100vw, 784px" /></figure><div class="wp-block-media-text__content">
<p><strong><em>Insisten todavía, varios entendidos, en poner en tela de juicio su existencia. No importa; en realidad ni uno solo de ellos (y ni una sola de ellas), ha logrado demostrar, o apenas sugerir, que no haya existido.</em></strong></p>
</div></div>



<p></p>



<p></p>



<p>La Sociedad Carnavalesca «La Conjetura» nació entre un montón de artículos y libretos de los más variados conjuntos carnavalescos, que permitieron reconstruir algunas de las situaciones que este libro propone.</p>



<p>Una agrupación eterna, que transitó por la historia del carnaval montevideano desde sus inicios, con el formato de una típica Sociedad Carnavalesca local, hasta consolidarse con la estructura que caracteriza y reconoce a las Murgas de Montevideo.<br></p>



<div class="wp-block-media-text is-stacked-on-mobile" style="grid-template-columns:31% auto"><figure class="wp-block-media-text__media"><img loading="lazy" decoding="async" width="300" height="419" src="https://carnavalenfotos.com/WP/wp-content/uploads/2025/01/LA_CONJETURA_01-2.jpg" alt="" class="wp-image-964 size-full" srcset="https://carnavalenfotos.com/WP/wp-content/uploads/2025/01/LA_CONJETURA_01-2.jpg 300w, https://carnavalenfotos.com/WP/wp-content/uploads/2025/01/LA_CONJETURA_01-2-215x300.jpg 215w" sizes="auto, (max-width: 300px) 100vw, 300px" /></figure><div class="wp-block-media-text__content">
<p>La Conjetura trascendió apenas por unas cuadras las fronteras de su propio barrio. Se presenta en sociedad, pretendiendo ser un disparador de discusiones sobre diferentes aspectos del carnaval; un generador de interés a través de sus referentes, sus personajes históricos y sus repertorios.<br><br>Con un maravilloso prólogo de Xosé de Enríquez, la Sociedad Carnavalesca «La Conjetura», se brinda al servicio de este ensayo literario, que no quiso guiarse exclusivamente por criterios académicos, sino que procuró algún recurso original que fuera más allá de lo que representó la práctica metodológica en esta investigación.</p>
</div></div>



<p><br>Aportar en otros aspectos, diversificando la presentación de contenidos, ensayando la creatividad.<br>Y si fuera posible, con algo de arte.</p>

<p>Insisten todavía, varios entendidos, en poner en tela de juicio su existencia. No importa; en realidad ni uno solo de ellos (y ni una sola de ellas), ha logrado demostrar, o apenas sugerir, que no haya existido. La Sociedad Carnavalesca «La Conjetura» nació entre un montón de artículos y libretos de los más variados conjuntos [&hellip;]</p>
