{"id":702,"date":"2025-01-05T15:37:58","date_gmt":"2025-01-05T18:37:58","guid":{"rendered":"https:\/\/carnavalenfotos.com\/WP\/?page_id=702"},"modified":"2025-01-05T17:20:40","modified_gmt":"2025-01-05T20:20:40","slug":"abrazos-carnavaleros","status":"publish","type":"page","link":"https:\/\/carnavalenfotos.com\/WP\/abrazos-carnavaleros\/","title":{"rendered":"Abrazos Carnavaleros"},"content":{"rendered":"\n<div class=\"wp-block-media-text is-stacked-on-mobile\" style=\"grid-template-columns:18% auto\"><figure class=\"wp-block-media-text__media\"><img loading=\"lazy\" decoding=\"async\" width=\"200\" height=\"200\" src=\"https:\/\/carnavalenfotos.com\/WP\/wp-content\/uploads\/2025\/01\/ABRAZO_EUGENIO-1.jpg\" alt=\"\" class=\"wp-image-724 size-full\" srcset=\"https:\/\/carnavalenfotos.com\/WP\/wp-content\/uploads\/2025\/01\/ABRAZO_EUGENIO-1.jpg 200w, https:\/\/carnavalenfotos.com\/WP\/wp-content\/uploads\/2025\/01\/ABRAZO_EUGENIO-1-150x150.jpg 150w\" sizes=\"auto, (max-width: 200px) 100vw, 200px\" \/><\/figure><div class=\"wp-block-media-text__content\">\n<p class=\"has-text-align-left\"><strong>Eugenio Mariscal<\/strong><br>(Presidente del Aula de Cultura del Carnaval de C\u00e1diz)<\/p>\n<\/div><\/div>\n\n\n\n<p><br>Estimado amigo Jos\u00e9 Luis, Una vez m\u00e1s, tu generosa entrega a la divulgaci\u00f3n de la fiesta grande de Montevideo, te hace implicarte en este lindo proyecto de recopilar las instant\u00e1neas fotogr\u00e1ficas de los diferentes grupos que conforman el Carnaval montevideano. El portal \u201cCarnaval en fotos\u201d, nace con vocaci\u00f3n de aglutinar para divulgar y de esta manera engrandecer la fiesta de la libertad. Bonita Web, creativa, novedosa y directamente enfocada a lo que realmente t\u00fa deseas, exponer las im\u00e1genes m\u00e1s sobresalientes de los conjuntos.<br>T\u00fa como nadie sabes, como los creadores y actores de la cultura carnavalesca, se olvidan a veces de custodiarla y registrarla. Desde C\u00e1diz, conocemos tu inquietud y trabajo constante, en pro de salvaguardar la riqueza cultural que nos ofrece el Carnaval, para entregarla a las generaciones venideras y que sirva de hilo conductor y referente en el futuro. Mi admiraci\u00f3n por esta nueva idea que hoy nos presentas y que seguro, conseguir\u00e1s con ella, el respeto y agradecimiento de todos los que amamos al Momo coplero, teatrero, asfaltero, esquinero y callejero. \u00a1Felicidades! Por tu buen hacer. Abrazos afectuosos.<br><br><\/p>\n\n\n\n<div class=\"wp-block-media-text is-stacked-on-mobile\" style=\"grid-template-columns:18% auto\"><figure class=\"wp-block-media-text__media\"><img loading=\"lazy\" decoding=\"async\" width=\"200\" height=\"200\" src=\"https:\/\/carnavalenfotos.com\/WP\/wp-content\/uploads\/2025\/01\/ABRAZO_MILITA.jpg\" alt=\"\" class=\"wp-image-727 size-full\" srcset=\"https:\/\/carnavalenfotos.com\/WP\/wp-content\/uploads\/2025\/01\/ABRAZO_MILITA.jpg 200w, https:\/\/carnavalenfotos.com\/WP\/wp-content\/uploads\/2025\/01\/ABRAZO_MILITA-150x150.jpg 150w\" sizes=\"auto, (max-width: 200px) 100vw, 200px\" \/><\/figure><div class=\"wp-block-media-text__content\">\n<p><strong>Milita Alfaro<\/strong><br>(Profesora, Escritora, Investigadora)<\/p>\n<\/div><\/div>\n\n\n\n<p><br>Hola Jos\u00e9 Luis. En cuanto al proyecto que est\u00e1s llevando adelante en materia de fotos carnavaleras, creo que se trata de una iniciativa muy trascendente y con una enorme proyecci\u00f3n de futuro. El emprendimiento -que hoy nos da la posibilidad de revivir en im\u00e1genes una infinidad de escenas del carnaval- tiene una potencialidad bastante m\u00e1s decisiva: supone nada menos que el punto de partida para la creaci\u00f3n de un archivo fotogr\u00e1fico cuya verdadera significaci\u00f3n reci\u00e9n vamos a poder aquilatar con el correr del tiempo.<br>Poner un instrumento tan valioso al alcance de todos (investigadores, analistas, carnavaleros en general, extranjeros que quieren saber de qu\u00e9 se trata, etc, etc.) implica facilitar el acceso a una documentaci\u00f3n que, hasta ahora, en el mejor de los casos, se conservaba en \u00e1mbitos generalmente ajenos a la gente. Gracias a este proyecto, la consulta de ese material pasa a ser compartida por todos y esa es una gran noticia, ya sea para quienes estudiamos el tema desde muy distintas perspectivas como para quienes quieren disfrutar de \u00e9l. Te felicito, pues, y te agradezco la puesta en pr\u00e1ctica de una idea que contribuye a democratizar la informaci\u00f3n.<br><br><\/p>\n\n\n\n<div class=\"wp-block-media-text is-stacked-on-mobile\" style=\"grid-template-columns:17% auto\"><figure class=\"wp-block-media-text__media\"><img loading=\"lazy\" decoding=\"async\" width=\"200\" height=\"200\" src=\"https:\/\/carnavalenfotos.com\/WP\/wp-content\/uploads\/2025\/01\/ABRAZO_HUGO.jpg\" alt=\"\" class=\"wp-image-729 size-full\" srcset=\"https:\/\/carnavalenfotos.com\/WP\/wp-content\/uploads\/2025\/01\/ABRAZO_HUGO.jpg 200w, https:\/\/carnavalenfotos.com\/WP\/wp-content\/uploads\/2025\/01\/ABRAZO_HUGO-150x150.jpg 150w\" sizes=\"auto, (max-width: 200px) 100vw, 200px\" \/><\/figure><div class=\"wp-block-media-text__content\">\n<p><strong>Hugo Mart\u00ednez de Le\u00f3n<\/strong><br>(Escritor, Investigador)<\/p>\n<\/div><\/div>\n\n\n\n<p><br>Jos\u00e9: Es muy interesante la idea de reflejar el carnaval en fotos, sobre todo si se tiene en cuenta la cantidad de medios tecnol\u00f3gicos que facilitan relativamente la tarea. Ojal\u00e1 hubiese tenido la historia del carnaval un organizador de tu talla. Los protagonistas siempre han vivido los acontecimientos desde las entradas y nunca tuvieron la perspectiva de registrarlos para las nuevas generaciones. Eso no habla mal de ellos sino bien de vos. Estoy gratamente sorprendido por tu despliegue en la difusi\u00f3n continental (y hasta dir\u00eda mundial) de la fiesta carnavalera. Felicitaciones y cont\u00e1 conmigo, quiz\u00e1 m\u00e1s para los ep\u00edgrafes que para las fotos (cada uno defiende su especialidad.) Y que se multiplique esa fecunda comunicaci\u00f3n con C\u00e1diz, que es la madre de toda nuestra fiesta de Momo. Un abrazo.<br><\/p>\n\n\n\n<div class=\"wp-block-media-text is-stacked-on-mobile\" style=\"grid-template-columns:17% auto\"><figure class=\"wp-block-media-text__media\"><img loading=\"lazy\" decoding=\"async\" width=\"200\" height=\"200\" src=\"http:\/\/carnavalenfotos.com\/WP\/wp-content\/uploads\/2025\/01\/ABRAZO_CHA.jpg\" alt=\"\" class=\"wp-image-721 size-full\" srcset=\"https:\/\/carnavalenfotos.com\/WP\/wp-content\/uploads\/2025\/01\/ABRAZO_CHA.jpg 200w, https:\/\/carnavalenfotos.com\/WP\/wp-content\/uploads\/2025\/01\/ABRAZO_CHA-150x150.jpg 150w\" sizes=\"auto, (max-width: 200px) 100vw, 200px\" \/><\/figure><div class=\"wp-block-media-text__content\">\n<p><strong>Alfredo Cha Banchero<\/strong><br>Profesor Grado 5 del \u00c1rea Foto, Cine y Video de la Escuela Nacional de Bellas Artes &#8211; Uruguay<\/p>\n<\/div><\/div>\n\n\n\n<p><br>Hola Jos\u00e9 Luis. En cuanto al material en primer lugar encuentro excelente la organizaci\u00f3n del sitio. Es muy frecuente entrar a sitios que son muy confusos en cuanto al orden y dificultan encontrar un recorrido. En este de Uds. me parece que en este sentido est\u00e1 muy bien, porque se puede ordenar perfectamente el contenido y recorrerlo coherentemente. En relaci\u00f3n con la calidad de las im\u00e1genes, tambi\u00e9n encuentro que son de muy buen nivel. Como sugerencia, creo que para esta Investigaci\u00f3n es necesario abarcar algunos aspectos m\u00e1s, que tiendan a hacer una investigaci\u00f3n integral del Carnaval como fen\u00f3meno Cultural. Muchos saludos y felicitaciones.<\/p>\n\n\n\n<p><\/p>\n","protected":false},"excerpt":{"rendered":"<p>Eugenio Mariscal(Presidente del Aula de Cultura del Carnaval de C\u00e1diz) Estimado amigo Jos\u00e9 Luis, Una vez m\u00e1s, tu generosa entrega a la divulgaci\u00f3n de la fiesta grande de Montevideo, te hace implicarte en este lindo proyecto de recopilar las instant\u00e1neas fotogr\u00e1ficas de los diferentes grupos que conforman el Carnaval montevideano. El portal \u201cCarnaval en fotos\u201d, [&hellip;]<\/p>\n","protected":false},"author":5,"featured_media":0,"parent":0,"menu_order":0,"comment_status":"closed","ping_status":"closed","template":"","meta":{"footnotes":""},"class_list":["post-702","page","type-page","status-publish","hentry"],"_links":{"self":[{"href":"https:\/\/carnavalenfotos.com\/WP\/wp-json\/wp\/v2\/pages\/702","targetHints":{"allow":["GET"]}}],"collection":[{"href":"https:\/\/carnavalenfotos.com\/WP\/wp-json\/wp\/v2\/pages"}],"about":[{"href":"https:\/\/carnavalenfotos.com\/WP\/wp-json\/wp\/v2\/types\/page"}],"author":[{"embeddable":true,"href":"https:\/\/carnavalenfotos.com\/WP\/wp-json\/wp\/v2\/users\/5"}],"replies":[{"embeddable":true,"href":"https:\/\/carnavalenfotos.com\/WP\/wp-json\/wp\/v2\/comments?post=702"}],"version-history":[{"count":1,"href":"https:\/\/carnavalenfotos.com\/WP\/wp-json\/wp\/v2\/pages\/702\/revisions"}],"predecessor-version":[{"id":739,"href":"https:\/\/carnavalenfotos.com\/WP\/wp-json\/wp\/v2\/pages\/702\/revisions\/739"}],"wp:attachment":[{"href":"https:\/\/carnavalenfotos.com\/WP\/wp-json\/wp\/v2\/media?parent=702"}],"curies":[{"name":"wp","href":"https:\/\/api.w.org\/{rel}","templated":true}]}}

<div class="wp-block-media-text is-stacked-on-mobile" style="grid-template-columns:18% auto"><figure class="wp-block-media-text__media"><img loading="lazy" decoding="async" width="200" height="200" src="https://carnavalenfotos.com/WP/wp-content/uploads/2025/01/ABRAZO_EUGENIO-1.jpg" alt="" class="wp-image-724 size-full" srcset="https://carnavalenfotos.com/WP/wp-content/uploads/2025/01/ABRAZO_EUGENIO-1.jpg 200w, https://carnavalenfotos.com/WP/wp-content/uploads/2025/01/ABRAZO_EUGENIO-1-150x150.jpg 150w" sizes="auto, (max-width: 200px) 100vw, 200px" /></figure><div class="wp-block-media-text__content">
<p class="has-text-align-left"><strong>Eugenio Mariscal</strong><br>(Presidente del Aula de Cultura del Carnaval de Cádiz)</p>
</div></div>



<p><br>Estimado amigo José Luis, Una vez más, tu generosa entrega a la divulgación de la fiesta grande de Montevideo, te hace implicarte en este lindo proyecto de recopilar las instantáneas fotográficas de los diferentes grupos que conforman el Carnaval montevideano. El portal “Carnaval en fotos”, nace con vocación de aglutinar para divulgar y de esta manera engrandecer la fiesta de la libertad. Bonita Web, creativa, novedosa y directamente enfocada a lo que realmente tú deseas, exponer las imágenes más sobresalientes de los conjuntos.<br>Tú como nadie sabes, como los creadores y actores de la cultura carnavalesca, se olvidan a veces de custodiarla y registrarla. Desde Cádiz, conocemos tu inquietud y trabajo constante, en pro de salvaguardar la riqueza cultural que nos ofrece el Carnaval, para entregarla a las generaciones venideras y que sirva de hilo conductor y referente en el futuro. Mi admiración por esta nueva idea que hoy nos presentas y que seguro, conseguirás con ella, el respeto y agradecimiento de todos los que amamos al Momo coplero, teatrero, asfaltero, esquinero y callejero. ¡Felicidades! Por tu buen hacer. Abrazos afectuosos.<br><br></p>



<div class="wp-block-media-text is-stacked-on-mobile" style="grid-template-columns:18% auto"><figure class="wp-block-media-text__media"><img loading="lazy" decoding="async" width="200" height="200" src="https://carnavalenfotos.com/WP/wp-content/uploads/2025/01/ABRAZO_MILITA.jpg" alt="" class="wp-image-727 size-full" srcset="https://carnavalenfotos.com/WP/wp-content/uploads/2025/01/ABRAZO_MILITA.jpg 200w, https://carnavalenfotos.com/WP/wp-content/uploads/2025/01/ABRAZO_MILITA-150x150.jpg 150w" sizes="auto, (max-width: 200px) 100vw, 200px" /></figure><div class="wp-block-media-text__content">
<p><strong>Milita Alfaro</strong><br>(Profesora, Escritora, Investigadora)</p>
</div></div>



<p><br>Hola José Luis. En cuanto al proyecto que estás llevando adelante en materia de fotos carnavaleras, creo que se trata de una iniciativa muy trascendente y con una enorme proyección de futuro. El emprendimiento -que hoy nos da la posibilidad de revivir en imágenes una infinidad de escenas del carnaval- tiene una potencialidad bastante más decisiva: supone nada menos que el punto de partida para la creación de un archivo fotográfico cuya verdadera significación recién vamos a poder aquilatar con el correr del tiempo.<br>Poner un instrumento tan valioso al alcance de todos (investigadores, analistas, carnavaleros en general, extranjeros que quieren saber de qué se trata, etc, etc.) implica facilitar el acceso a una documentación que, hasta ahora, en el mejor de los casos, se conservaba en ámbitos generalmente ajenos a la gente. Gracias a este proyecto, la consulta de ese material pasa a ser compartida por todos y esa es una gran noticia, ya sea para quienes estudiamos el tema desde muy distintas perspectivas como para quienes quieren disfrutar de él. Te felicito, pues, y te agradezco la puesta en práctica de una idea que contribuye a democratizar la información.<br><br></p>



<div class="wp-block-media-text is-stacked-on-mobile" style="grid-template-columns:17% auto"><figure class="wp-block-media-text__media"><img loading="lazy" decoding="async" width="200" height="200" src="https://carnavalenfotos.com/WP/wp-content/uploads/2025/01/ABRAZO_HUGO.jpg" alt="" class="wp-image-729 size-full" srcset="https://carnavalenfotos.com/WP/wp-content/uploads/2025/01/ABRAZO_HUGO.jpg 200w, https://carnavalenfotos.com/WP/wp-content/uploads/2025/01/ABRAZO_HUGO-150x150.jpg 150w" sizes="auto, (max-width: 200px) 100vw, 200px" /></figure><div class="wp-block-media-text__content">
<p><strong>Hugo Martínez de León</strong><br>(Escritor, Investigador)</p>
</div></div>



<p><br>José: Es muy interesante la idea de reflejar el carnaval en fotos, sobre todo si se tiene en cuenta la cantidad de medios tecnológicos que facilitan relativamente la tarea. Ojalá hubiese tenido la historia del carnaval un organizador de tu talla. Los protagonistas siempre han vivido los acontecimientos desde las entradas y nunca tuvieron la perspectiva de registrarlos para las nuevas generaciones. Eso no habla mal de ellos sino bien de vos. Estoy gratamente sorprendido por tu despliegue en la difusión continental (y hasta diría mundial) de la fiesta carnavalera. Felicitaciones y contá conmigo, quizá más para los epígrafes que para las fotos (cada uno defiende su especialidad.) Y que se multiplique esa fecunda comunicación con Cádiz, que es la madre de toda nuestra fiesta de Momo. Un abrazo.<br></p>



<div class="wp-block-media-text is-stacked-on-mobile" style="grid-template-columns:17% auto"><figure class="wp-block-media-text__media"><img loading="lazy" decoding="async" width="200" height="200" src="http://carnavalenfotos.com/WP/wp-content/uploads/2025/01/ABRAZO_CHA.jpg" alt="" class="wp-image-721 size-full" srcset="https://carnavalenfotos.com/WP/wp-content/uploads/2025/01/ABRAZO_CHA.jpg 200w, https://carnavalenfotos.com/WP/wp-content/uploads/2025/01/ABRAZO_CHA-150x150.jpg 150w" sizes="auto, (max-width: 200px) 100vw, 200px" /></figure><div class="wp-block-media-text__content">
<p><strong>Alfredo Cha Banchero</strong><br>Profesor Grado 5 del Área Foto, Cine y Video de la Escuela Nacional de Bellas Artes &#8211; Uruguay</p>
</div></div>



<p><br>Hola José Luis. En cuanto al material en primer lugar encuentro excelente la organización del sitio. Es muy frecuente entrar a sitios que son muy confusos en cuanto al orden y dificultan encontrar un recorrido. En este de Uds. me parece que en este sentido está muy bien, porque se puede ordenar perfectamente el contenido y recorrerlo coherentemente. En relación con la calidad de las imágenes, también encuentro que son de muy buen nivel. Como sugerencia, creo que para esta Investigación es necesario abarcar algunos aspectos más, que tiendan a hacer una investigación integral del Carnaval como fenómeno Cultural. Muchos saludos y felicitaciones.</p>



<p></p>

<p>Eugenio Mariscal(Presidente del Aula de Cultura del Carnaval de Cádiz) Estimado amigo José Luis, Una vez más, tu generosa entrega a la divulgación de la fiesta grande de Montevideo, te hace implicarte en este lindo proyecto de recopilar las instantáneas fotográficas de los diferentes grupos que conforman el Carnaval montevideano. El portal “Carnaval en fotos”, [&hellip;]</p>
