{"id":705,"date":"2025-01-05T15:38:37","date_gmt":"2025-01-05T18:38:37","guid":{"rendered":"https:\/\/carnavalenfotos.com\/WP\/?page_id=705"},"modified":"2025-01-13T20:48:47","modified_gmt":"2025-01-13T23:48:47","slug":"quienes-somos","status":"publish","type":"page","link":"http:\/\/carnavalenfotos.com\/WP\/quienes-somos\/","title":{"rendered":"Qui\u00e9nes somos"},"content":{"rendered":"\n<div class=\"wp-block-media-text is-stacked-on-mobile\" style=\"grid-template-columns:22% auto\"><figure class=\"wp-block-media-text__media\"><img loading=\"lazy\" decoding=\"async\" width=\"210\" height=\"210\" src=\"https:\/\/carnavalenfotos.com\/WP\/wp-content\/uploads\/2025\/01\/FOTO_ALICIATEIBO.jpg\" alt=\"\" class=\"wp-image-1005 size-full\" srcset=\"http:\/\/carnavalenfotos.com\/WP\/wp-content\/uploads\/2025\/01\/FOTO_ALICIATEIBO.jpg 210w, http:\/\/carnavalenfotos.com\/WP\/wp-content\/uploads\/2025\/01\/FOTO_ALICIATEIBO-150x150.jpg 150w\" sizes=\"auto, (max-width: 210px) 100vw, 210px\" \/><\/figure><div class=\"wp-block-media-text__content\">\n<p><strong>Alicia Teibo<\/strong><br><strong>Coordinaci\u00f3n, producci\u00f3n y fotograf\u00eda<\/strong><br>Licenciada en Bibliotecolog\u00eda (UdelaR)<br>Fot\u00f3grafa (Escuela Uruguaya de Fotograf\u00eda)<\/p>\n<\/div><\/div>\n\n\n\n<ul class=\"wp-block-list\">\n<li>Coordina el Centro de Interpretaci\u00f3n del Carnaval y la Biblioteca \u00abCarlos Soto\u00bb (Daecpu).<\/li>\n\n\n\n<li>Directora de la Escuela de Artes y Oficios de Carnaval \u201cJuan Antonio Iglesias\u201d DAECPU-INEFOP en su primera edici\u00f3n 2017<\/li>\n\n\n\n<li>Realiz\u00f3 el registro de Vestuario y Maquillaje para el Museo del Carnaval de Montevideo, durante los carnavales 2014 a 2023.<\/li>\n\n\n\n<li>Gesti\u00f3n de fotograf\u00eda y patrimonio, documentaci\u00f3n de colecciones.<\/li>\n\n\n\n<li>Especializaci\u00f3n en \u00abEl Museo: Conservaci\u00f3n, Gesti\u00f3n, Educaci\u00f3n, Puesta en Valor\u00bb (Organizzazione internazionale italo-latino americana)<br><br><\/li>\n<\/ul>\n\n\n\n<div class=\"wp-block-media-text is-stacked-on-mobile\" style=\"grid-template-columns:22% auto\"><figure class=\"wp-block-media-text__media\"><img loading=\"lazy\" decoding=\"async\" width=\"210\" height=\"210\" src=\"http:\/\/carnavalenfotos.com\/WP\/wp-content\/uploads\/2025\/01\/FOTO_ARISI.jpg\" alt=\"\" class=\"wp-image-1003 size-full\" srcset=\"http:\/\/carnavalenfotos.com\/WP\/wp-content\/uploads\/2025\/01\/FOTO_ARISI.jpg 210w, http:\/\/carnavalenfotos.com\/WP\/wp-content\/uploads\/2025\/01\/FOTO_ARISI-150x150.jpg 150w\" sizes=\"auto, (max-width: 210px) 100vw, 210px\" \/><\/figure><div class=\"wp-block-media-text__content\">\n<p><strong>Jos\u00e9 AriSi<\/strong><br><strong>Coordinaci\u00f3n, dise\u00f1o y fotograf\u00eda<\/strong><br>Posgrado en Carnaval y Patrimonio (UdelaR)<br>Especialista en Patrimonio Documental (UdelaR)<br>Periodista Cultural<\/p>\n<\/div><\/div>\n\n\n\n<ul class=\"wp-block-list\">\n<li>Coordinador del Aula de Cultura del Carnaval de C\u00e1diz para Latinoam\u00e9rica<\/li>\n\n\n\n<li>Investigador, Fot\u00f3grafo.<\/li>\n\n\n\n<li>Autor el libro \u00abSociedad Carnavalesca La Conjetura\u00bb<\/li>\n\n\n\n<li>Coordina el Centro de Interpretaci\u00f3n del Carnaval en Daecpu. Montevideo.<\/li>\n\n\n\n<li>Especialista en Gesti\u00f3n Documental y Gesti\u00f3n del Conocimiento.<\/li>\n\n\n\n<li>Colabora con trabajos de investigaci\u00f3n acad\u00e9mica y period\u00edstica.<\/li>\n\n\n\n<li>Apoya y brinda entrevistas a docentes y estudiantes de universidades nacionales e internacionales (Universidad de Par\u00eds, Complutense de Madrid, Columbia NY, Universidad Federal de Cear\u00e1 Brasil, Nottigham Trent Inglaterra, Universidad de C\u00e1diz Espa\u00f1a, entre otras)<\/li>\n\n\n\n<li>Diplomado en Marketing Digital.<\/li>\n\n\n\n<li>Con conocimientos y experiencia en museograf\u00eda, curadur\u00eda y entendimiento del arte.<\/li>\n\n\n\n<li>Autor de art\u00edculos para medios locales e internacionales sobre carnaval, patrimonio e historia social del carnaval.<\/li>\n\n\n\n<li>Especializaci\u00f3n en \u00abEl Museo: Conservaci\u00f3n, Gesti\u00f3n, Educaci\u00f3n, Puesta en Valor\u00bb (Organizzazione internazionale italo-latino americana)<\/li>\n\n\n\n<li>Direcci\u00f3n de proyectos inform\u00e1ticos y sistemas documentales, dise\u00f1ador gr\u00e1fico y web.<br><br><br><br><br><\/li>\n<\/ul>\n\n\n\n<p><\/p>\n","protected":false},"excerpt":{"rendered":"<p>Alicia TeiboCoordinaci\u00f3n, producci\u00f3n y fotograf\u00edaLicenciada en Bibliotecolog\u00eda (UdelaR)Fot\u00f3grafa (Escuela Uruguaya de Fotograf\u00eda) Jos\u00e9 AriSiCoordinaci\u00f3n, dise\u00f1o y fotograf\u00edaPosgrado en Carnaval y Patrimonio (UdelaR)Especialista en Patrimonio Documental (UdelaR)Periodista Cultural<\/p>\n","protected":false},"author":5,"featured_media":0,"parent":0,"menu_order":0,"comment_status":"closed","ping_status":"closed","template":"","meta":{"footnotes":""},"class_list":["post-705","page","type-page","status-publish","hentry"],"_links":{"self":[{"href":"http:\/\/carnavalenfotos.com\/WP\/wp-json\/wp\/v2\/pages\/705","targetHints":{"allow":["GET"]}}],"collection":[{"href":"http:\/\/carnavalenfotos.com\/WP\/wp-json\/wp\/v2\/pages"}],"about":[{"href":"http:\/\/carnavalenfotos.com\/WP\/wp-json\/wp\/v2\/types\/page"}],"author":[{"embeddable":true,"href":"http:\/\/carnavalenfotos.com\/WP\/wp-json\/wp\/v2\/users\/5"}],"replies":[{"embeddable":true,"href":"http:\/\/carnavalenfotos.com\/WP\/wp-json\/wp\/v2\/comments?post=705"}],"version-history":[{"count":1,"href":"http:\/\/carnavalenfotos.com\/WP\/wp-json\/wp\/v2\/pages\/705\/revisions"}],"predecessor-version":[{"id":1297,"href":"http:\/\/carnavalenfotos.com\/WP\/wp-json\/wp\/v2\/pages\/705\/revisions\/1297"}],"wp:attachment":[{"href":"http:\/\/carnavalenfotos.com\/WP\/wp-json\/wp\/v2\/media?parent=705"}],"curies":[{"name":"wp","href":"https:\/\/api.w.org\/{rel}","templated":true}]}}

Quiénes somos

<div class="wp-block-media-text is-stacked-on-mobile" style="grid-template-columns:22% auto"><figure class="wp-block-media-text__media"><img loading="lazy" decoding="async" width="210" height="210" src="https://carnavalenfotos.com/WP/wp-content/uploads/2025/01/FOTO_ALICIATEIBO.jpg" alt="" class="wp-image-1005 size-full" srcset="http://carnavalenfotos.com/WP/wp-content/uploads/2025/01/FOTO_ALICIATEIBO.jpg 210w, http://carnavalenfotos.com/WP/wp-content/uploads/2025/01/FOTO_ALICIATEIBO-150x150.jpg 150w" sizes="auto, (max-width: 210px) 100vw, 210px" /></figure><div class="wp-block-media-text__content">
<p><strong>Alicia Teibo</strong><br><strong>Coordinación, producción y fotografía</strong><br>Licenciada en Bibliotecología (UdelaR)<br>Fotógrafa (Escuela Uruguaya de Fotografía)</p>
</div></div>



<ul class="wp-block-list">
<li>Coordina el Centro de Interpretación del Carnaval y la Biblioteca «Carlos Soto» (Daecpu).</li>



<li>Directora de la Escuela de Artes y Oficios de Carnaval “Juan Antonio Iglesias” DAECPU-INEFOP en su primera edición 2017</li>



<li>Realizó el registro de Vestuario y Maquillaje para el Museo del Carnaval de Montevideo, durante los carnavales 2014 a 2023.</li>



<li>Gestión de fotografía y patrimonio, documentación de colecciones.</li>



<li>Especialización en «El Museo: Conservación, Gestión, Educación, Puesta en Valor» (Organizzazione internazionale italo-latino americana)<br><br></li>
</ul>



<div class="wp-block-media-text is-stacked-on-mobile" style="grid-template-columns:22% auto"><figure class="wp-block-media-text__media"><img loading="lazy" decoding="async" width="210" height="210" src="http://carnavalenfotos.com/WP/wp-content/uploads/2025/01/FOTO_ARISI.jpg" alt="" class="wp-image-1003 size-full" srcset="http://carnavalenfotos.com/WP/wp-content/uploads/2025/01/FOTO_ARISI.jpg 210w, http://carnavalenfotos.com/WP/wp-content/uploads/2025/01/FOTO_ARISI-150x150.jpg 150w" sizes="auto, (max-width: 210px) 100vw, 210px" /></figure><div class="wp-block-media-text__content">
<p><strong>José AriSi</strong><br><strong>Coordinación, diseño y fotografía</strong><br>Posgrado en Carnaval y Patrimonio (UdelaR)<br>Especialista en Patrimonio Documental (UdelaR)<br>Periodista Cultural</p>
</div></div>



<ul class="wp-block-list">
<li>Coordinador del Aula de Cultura del Carnaval de Cádiz para Latinoamérica</li>



<li>Investigador, Fotógrafo.</li>



<li>Autor el libro «Sociedad Carnavalesca La Conjetura»</li>



<li>Coordina el Centro de Interpretación del Carnaval en Daecpu. Montevideo.</li>



<li>Especialista en Gestión Documental y Gestión del Conocimiento.</li>



<li>Colabora con trabajos de investigación académica y periodística.</li>



<li>Apoya y brinda entrevistas a docentes y estudiantes de universidades nacionales e internacionales (Universidad de París, Complutense de Madrid, Columbia NY, Universidad Federal de Ceará Brasil, Nottigham Trent Inglaterra, Universidad de Cádiz España, entre otras)</li>



<li>Diplomado en Marketing Digital.</li>



<li>Con conocimientos y experiencia en museografía, curaduría y entendimiento del arte.</li>



<li>Autor de artículos para medios locales e internacionales sobre carnaval, patrimonio e historia social del carnaval.</li>



<li>Especialización en «El Museo: Conservación, Gestión, Educación, Puesta en Valor» (Organizzazione internazionale italo-latino americana)</li>



<li>Dirección de proyectos informáticos y sistemas documentales, diseñador gráfico y web.<br><br><br><br><br></li>
</ul>



<p></p>

<p>Alicia TeiboCoordinación, producción y fotografíaLicenciada en Bibliotecología (UdelaR)Fotógrafa (Escuela Uruguaya de Fotografía) José AriSiCoordinación, diseño y fotografíaPosgrado en Carnaval y Patrimonio (UdelaR)Especialista en Patrimonio Documental (UdelaR)Periodista Cultural</p>
